= 2*j**2 + 4 + j**3 + 6*j + 2 + 3*j**2. Calculate w(o).
-2
Suppose 2*v + 8*h = 10*h, 5*h - 6 + 1 = 0. Let u(p) = -35*p + 2. Determine u(v).
-33
Let a(w) be the second derivative of -w**5/20 - 5*w**4/12 - w**3/3 - 7*w**2 - 2*w + 129. Give a(-5).
-4
Let j(x) = 2*x**2 + x + 1. Let c(b) = -10*b**2 - 288*b + 59. Let m be c(-29). Give j(m).
4
Suppose -8*u = -115 + 107. Let r(y) = -24*y**3 - y**2 - y + 1. Calculate r(u).
-25
Let n(l) = l**2 - 4*l - 6. Let k(i) = -i**3 - 18*i**2 - 19*i - 16. Let z be k(-17). Suppose -h - 23 = 2*s - 6*s, s + z = 5*h. Calculate n(s).
15
Let t be (1 + -1)/((-11)/11). Suppose 2*h + m - 13 = t, -2*m = -4*h + m + 1. Let i(u) = 3*u**2 - 4*u**2 + 4 + 58*u - 25*u - 31*u. Calculate i(h).
-4
Let f(v) be the third derivative of v**4/12 - v**3/2 - 25*v**2. Suppose 53 = 3*l + 14. Suppose 0 = 5*c - 38 + l. Calculate f(c).
7
Let o(f) = 0*f - 658 + 4*f + 3*f**2 - 659 + 1979 - 658. Let d(y) = 3*y**2 - y - 1. Let r be d(2). Let w = -12 + r. What is o(w)?
19
Let x(l) = -l**3 + l**2 - 3*l + 3. Let g be ((-20)/4 - 165/(-25)) + 33/(-55). Determine x(g).
0
Let n(k) = -k**2 - 1. Let f(x) = x**3 - 10*x**2 + 2*x - 6. Let z(b) = f(b) - 6*n(b). Let c = 196 - 186. Suppose -262 = -c*v - 232. Determine z(v).
-3
Let u(o) = 11*o - 12*o - 1 + 26*o - 23*o. Let l(x) = -x**3 - 6*x**2 - 5*x + 3. Let c be l(-5). Give u(c).
5
Let w = 193 + -196. Let f(q) be the third derivative of q**5/60 - q**3/6 - 6*q**2. Calculate f(w).
8
Suppose -3*g - 4*a - 16 + 6 = 0, -2*a = -4*g + 16. Let m(o) = -1 + 0 + 0*o - 12*o**g + 0 + o. Give m(1).
-12
Let d(t) = -3*t - 5*t**2 + 16 + 6*t**2 - 4*t - 18. Let n(y) = 2*y - 31. Let k be n(20). What is d(k)?
16
Let i(w) = 24*w + 235. Let u be i(-10). Let v(c) = -4*c**2 + 17*c + 1. Let n(p) = -3*p**2 + 16*p + 1. Let z(r) = 6*n(r) - 5*v(r). What is z(u)?
-4
Let u(h) = 103 + 86 + 2893632*h - 2893642*h. Determine u(19).
-1
Let g be -11 + (232 - 1)/21. Let l(d) = -59*d + 2. Give l(g).
2
Let i(l) = 164*l + 987. Let p be i(-6). Suppose 3*s + 2*a = 18, -a = -5*s - 4*a + 29. Let r(t) = 2*t - s*t + 3*t - 1. Determine r(p).
2
Let d(j) be the third derivative of -j**7/2520 - j**6/60 + 2*j**5/15 - j**4/12 - 2*j**2. Let q(v) be the second derivative of d(v). Determine q(-12).
16
Let f(k) = 12*k**3 + 3*k - 127 - 17*k**2 - 112 + 295 - 13*k**3. Give f(-17).
5
Let x(o) = 2*o**3 - 5*o**2 - 206*o - 3. Let p be x(-9). Let t(f) = -f**3 - 13*f**2 - 9*f + 39. What is t(p)?
3
Let y(h) = -38473*h - 38478*h + 76956*h. Give y(-1).
-5
Let u(r) = 4*r**2 - 25*r - 52. Let x(w) = 4*w**3 + 12*w**2 + 6*w + 16. Let f be x(-3). Give u(f).
14
Let q(c) = -c - 1. Suppose 2*j - 4*y = -54, -3*j + 3*y - 113 = j. Let x be (24/(-16))/(1/18). Let h be j/(-9) + 6/x. Determine q(h).
-4
Let z = 7 - 5. Let b be (-6)/(-21) - (26/(-7) - 3). Let o(y) = b - y**2 + 6*y**z - 5*y - 6*y**2. Give o(-6).
1
Let c(u) = -2*u**2 + 5. Suppose r + 50 = 5*g + 22, -3*r + 84 = 13*g. What is c(r)?
-3
Let p(t) = -t - 1. Let v(g) = -g**3 - 8*g**2 - 8*g + 3. Let h be v(-6). Let n be h/7 + (-2 - -3). Determine p(n).
1
Let f = 44 + -38. Suppose 5*k + 3*r + 13 = 0, -2*k - 4*r + f*r = 2. Let c(s) = 3*s**3 + s**2 + s - 1. Calculate c(k).
-23
Let l(s) be the second derivative of -s**3/6 + s**2 - 29*s + 2. Let j(x) = x**2 + 13*x + 34. Let m be j(-10). Calculate l(m).
-2
Suppose m - 44*l = -49*l - 38, 4*m = 5*l + 48. Let j(v) = -7*v**2 + 8*v - 9. Let p(r) = -8*r**2 + 9*r - 10. Let c(s) = 6*j(s) - 5*p(s). What is c(m)?
-6
Let p(a) = a**3 - 52*a**2 + 95*a + 240. Let f be p(50). Let k(w) = -4*w - 7. Determine k(f).
33
Let f(d) = 2*d**3 + 1 + d - d**3 - d**2 - 2*d**3. Let t = -194 + 215. Suppose 8*n = t*n + 13. What is f(n)?
0
Let p = -45793 + 45820. Let h(l) = -3*l + 100. Calculate h(p).
19
Let h(d) = 9*d**2 + 5*d - 5. Suppose 314*j - 295*j = 38. Determine h(j).
41
Let j(r) be the second derivative of 5*r**4/12 + 10*r**3/3 - r**2 + 370*r + 2. Determine j(-4).
-2
Let x(w) be the third derivative of w**6/120 + w**5/10 + w**4/12 + 4*w**3/3 + 142*w**2. Suppose 45 = 4*s - 99. Let z be s/(-6)*(0 - -1). Determine x(z).
-4
Let j(f) = 3*f - 4. Suppose 20 = 5*r, -3*r - 4 = a - 4*r. Suppose 35*o - 154 + 49 = a. What is j(o)?
5
Let j(t) = -2*t + 3. Let g(b) = 1. Let x(o) = 2*g(o) - j(o). Let m be x(-3). Let i(y) = 2 + 8 + 3*y + 0*y. What is i(m)?
-11
Let x(s) = -13*s**2 + 28*s + 9*s**2 - 4 - 4*s - s**2. Determine x(4).
12
Let d(r) = r**3 + 2*r**2 + r. Let c(a) = -3*a**3 - 13*a**2 - 5*a - 6. Let q(m) = c(m) + 4*d(m). Calculate q(5).
-11
Let d(w) = -w**2 + 9*w + 9. Let l be 9 + (-12)/(-60)*-5. Give d(l).
17
Let j(m) = -m**3 - 6*m**2 - 6*m - 7. Suppose -2*b - 301 = -3*a - 6*b, 4*b = -4*a + 408. Let w = a - 169. Let t = w + 57. Give j(t).
-2
Let d(w) = -3*w**2 - 6*w - 120. Let m(a) = -4*a**2 - 5*a - 116. Let h(q) = -3*d(q) + 2*m(q). Let c(k) be the first derivative of h(k). What is c(-5)?
-2
Let z(g) = g**3 - 2*g**2 - 2*g + 1. Let t(w) = 6*w**2 - 7*w + 11. Let i be t(2). Let l be 18/i - 184/(-161). Give z(l).
-3
Let t be (-40)/(-35) - (28/49)/4. Let f(z) be the third derivative of 1/6*z**3 + 3*z**2 + 0*z + 1/60*z**5 + 0 - 1/12*z**4. What is f(t)?
0
Let b(h) = 48*h**2 + 339*h + 14. Let m be b(-7). Let z(v) = -v + 10. What is z(m)?
17
Let b(p) = 2*p + 7. Let x be (-3)/39 + 9280/(-1040). What is b(x)?
-11
Let k(b) = -b**3 + 4*b**2 + 2. Suppose -447 - 939 = 14*m. Let w = 103 + m. Calculate k(w).
2
Let g(c) = -4*c**3 - 23*c**2 + 26*c - 11. Let f(v) = 3*v**3 + 15*v**2 - 17*v + 7. Let s(i) = -7*f(i) - 5*g(i). Let q = 17523 - 17514. Give s(q).
-12
Suppose -4*g = -0*g + 2*v - 8, -5*v + 6 = 3*g. Let s(q) = -q**3 + 3*q**g - 1 + 1 + q - 4 + 3*q**2. Suppose 74 = 8*h + 26. Determine s(h).
2
Suppose -45 = -7*q + 116. Let j(b) = q*b**3 - 13*b + 9*b**2 + 18*b**3 + 17*b**3 + 0*b**2 - 57*b**3. Determine j(-10).
30
Let a(k) be the first derivative of k**3/3 - 5*k**2/2 - 2*k - 11335. What is a(5)?
-2
Let b(t) be the second derivative of -t**3/6 - 5*t**2 - 3*t. Suppose -5*x - h + 328 = 0, 5*h - h = 4*x - 248. Suppose -x = 2*y - 51. Give b(y).
-3
Let p(n) = -n - 15. Let r(h) = 0 + 18*h**2 - 24*h + 8*h - 21*h**2 + 1. Let b be r(-6). Give p(b).
-4
Let b = -4 + 7. Let i be 1*b + -9 + 6. Let v(z) = -83*z**2 + z - 1. Let u(s) = 69*s**2 - s + 2. Let g(f) = 6*u(f) + 5*v(f). Calculate g(i).
7
Let p(q) be the second derivative of -q**4/6 - q**3/3 - 7*q**2/2 + 934*q. Determine p(3).
-31
Let o(x) = 760*x - 6069. Let l be o(8). Let h(d) = -d - 44. Calculate h(l).
-55
Suppose -a + 4 = 6, -4*p - 14 = a. Let q(x) = 2*x. Let h(u) = -3*u. Let d(k) = p*h(k) - 5*q(k). Give d(-4).
4
Suppose -41 = k - q, 37*q - 25 = 32*q. Let t(a) = -a**2 - 35*a + 39. Calculate t(k).
3
Suppose 3 = 27*r + 3. Let h(v) = 0 - 2 + r - 434*v**2 + 433*v**2. Calculate h(2).
-6
Let s be 8/(-520)*10 - (-192)/117*-6. Let j(o) = -3 - 2*o - 5 + 3. Give j(s).
15
Let s be 26/6 - (-2)/3. Suppose 5*c - 5*a = 10, -6*c = -5*c - 4*a - s. Let f(r) = 1. Let z(w) = -15*w - 5. Let q(x) = 5*f(x) + z(x). Determine q(c).
-15
Suppose 4*v + 618 = -2*f, 4*v = -f - 421 - 192. Let y = -154 - v. Let m(h) = -2*h - 6. What is m(y)?
-2
Let h(z) = -z**3 + 2*z**2 + 3*z - 1. Let t be (18/(-45))/((-9)/(-45)). What is h(t)?
9
Let q(b) = -b**2 - 8*b + 3. Suppose 14087 = -6*t + 14057. Give q(t).
18
Let h(k) = -3*k - 137. Let w(q) = 75. Let i(u) = h(u) + 2*w(u). Calculate i(3).
4
Let c = 29001 - 28871. Let o = -44 - -166. Let n = o - c. Let g(m) = m**2 + 6*m + 1. Determine g(n).
17
Let v be 4 + (36/10 - 4/(-10)). Let c(d) = -4*d - 4*d + d - 7 + v*d. What is c(6)?
-1
Suppose 29*v = 28*v - 67. Let l = -65 - v. Let f(d) = -d**3 - 2*d**2 - 1. Let k(w) = -3*w**3 - 5*w**2 - w - 1. Let n(m) = l*k(m) - 5*f(m). Give n(2).
-9
Let w(t) = -7*t - 2 - 9*t - 7*t - 3 + 18*t. Let x = 87 - 91. Calculate w(x).
15
Let z(j) be the second derivative of -7*j**3/6 + 97*j**2/2 + 1520*j - 2. Calculate z(14).
-1
Let a(j) be the first derivative of j**3/6 + 15*j**2/2 - 117*j + 213. Let r(v) be the first derivative of a(v). Determine r(-13).
2
Let u(l) = -16*l + 1. Let p be (-88)/(-660) + (-1)/(15/62). Let z(m) = -19*m. Let c(b) = p*z(b) + 5*u(b). What is c(5)?
-15
Let q(f) = 4377*f + 0*f**2 - 3*f**3 - 4375*f - 19 + 27*f**2 + 0*f**3. What is q(9)?
-1
Let j(v) = v**2 - 18*v + 2. Let n(w) = 3*w**2 - 34*w + 3. Let y(t) = 2*j(t) - n(t). Let h be 2/5 - 2/5. Give y